1?
True
Does 10 divide 9615750?
True
Is 478819380 a multiple of 156?
True
Is 35 a factor of 2605846778?
False
Does 2712 divide 236768287?
False
Is 21 a factor of 4783794645?
True
Is 1208090423 a multiple of 1233?
False
Is 1413967232 a multiple of 58?
False
Is 40574748 a multiple of 82?
True
Is 196 a factor of 222545656?
False
Is 155 a factor of 1092344675?
True
Is 218387065 a multiple of 990?
False
Is 427 a factor of 1315587?
True
Is 8257241 a multiple of 248?
False
Does 47 divide 344174091?
True
Is 11 a factor of 4317511?
True
Does 34 divide 180847928?
False
Is 1829 a factor of 78530417?
False
Is 28993014 a multiple of 22?
False
Is 6 a factor of 106520177?
False
Does 17 divide 2805623171?
False
Does 44 divide 2045133224?
False
Does 5295 divide 101028600?
True
Does 9 divide 40642365?
False
Is 35 a factor of 99703762?
False
Does 289 divide 5975227?
False
Is 1906 a factor of 930323302?
False
Is 1350348846 a multiple of 33?
True
Is 67 a factor of 523133787?
False
Does 1259 divide 47247261?
False
Does 5 divide 231618623?
False
Does 135 divide 5057505?
True
Is 12765090 a multiple of 923?
True
Does 468 divide 428906256?
False
Does 11 divide 44238087?
False
Is 33 a factor of 1858361624?
False
Does 3651 divide 524971756?
False
Does 28 divide 267072596?
True
Does 1510 divide 788603540?
True
Does 232 divide 11134820?
False
Is 4270176791 a multiple of 498?
False
Is 4547228 a multiple of 3262?
True
Is 2321827 a multiple of 9?
False
Is 520783160 a multiple of 760?
True
Does 472 divide 9733112?
True
Is 153313606 a multiple of 23?
False
Does 7 divide 7256181?
False
Does 6 divide 7450332?
True
Is 6 a factor of 12361488?
True
Is 280875120 a multiple of 4?
True
Does 52 divide 53270880?
True
Does 838 divide 36561102?
True
Is 405 a factor of 165935028?
False
Is 1372732824 a multiple of 5111?
True
Is 1941 a factor of 244998843?
True
Is 38 a factor of 574317767?
False
Is 150000992 a multiple of 474?
False
Does 9 divide 249668725?
False
Is 8 a factor of 8947488?
True
Is 293004894 a multiple of 102?
True
Is 664 a factor of 70471011?
False
Is 29157793 a multiple of 126?
False
Is 31 a factor of 171868339?
False
Does 581 divide 441070798?
True
Is 494 a factor of 414487583?
False
Is 654806880 a multiple of 26?
True
Is 75421027 a multiple of 11?
True
Is 486979062 a multiple of 93?
True
Does 10 divide 3309930?
True
Is 110164311 a multiple of 823?
True
Does 12 divide 379184957?
False
Is 139909040 a multiple of 8?
True
Is 46483500 a multiple of 114?
True
Is 268 a factor of 3747109317?
False
Is 73 a factor of 165344138?
False
Does 40 divide 16047628?
False
Is 48391329 a multiple of 465?
False
Does 545 divide 11728400?
True
Does 4079 divide 4146560165?
False
Does 150 divide 145749028?
False
Is 41 a factor of 35401419?
False
Is 151 a factor of 33903118?
False
Is 44 a factor of 191235308?
True
Does 9 divide 399290652?
True
Does 349 divide 99942970?
False
Does 581 divide 25283377?
True
Does 5370 divide 1629317070?
True
Does 2404 divide 263438129?
False
Is 1424449060 a multiple of 205?
True
Does 82 divide 30520985?
False
Is 2325 a factor of 52963500?
True
Does 24 divide 43875237?
False
Does 611 divide 114898448?
False
Is 5344 a factor of 269128417?
False
Is 27 a factor of 226183869?
False
Does 26 divide 35344478?
True
Is 44 a factor of 308884567?
False
Does 452 divide 4278903108?
False
Is 21094602 a multiple of 1060?
False
Is 152 a factor of 62413024?
True
Does 6 divide 5807052?
True
Does 2660 divide 19286606?
False
Is 313952491 a multiple of 20?
False
Is 298928028 a multiple of 196?
True
Does 139 divide 2393537?
False
Does 35 divide 24663863?
False
Does 23 divide 1605672094?
False
Does 650 divide 133463170?
False
Does 156 divide 176812683?
False
Is 280 a factor of 59216080?
True
Does 9 divide 187475689?
False
Is 884199162 a multiple of 77?
True
Is 1422087275 a multiple of 35?
True
Is 2235025 a multiple of 299?
True
Is 33233340 a multiple of 420?
True
Is 3 a factor of 8044344?
True
Is 1438 a factor of 220436274?
False
Is 280176309 a multiple of 177?
True
Is 6403670 a multiple of 49?
False
Does 12 divide 2869549528?
False
Is 720473459 a multiple of 586?
False
Does 121 divide 276202102?
True
Is 84 a factor of 15597284?
False
Is 121668963 a multiple of 89?
True
Is 23 a factor of 14494462?
True
Does 2133 divide 41218092?
True
Is 214 a factor of 789561988?
True
Does 9510 divide 523833503?
False
Does 728 divide 61237904?
True
Does 1496 divide 37281816?
True
Is 418585825 a multiple of 175?
True
Is 161071561 a multiple of 95?
False
Is 650359911 a multiple of 321?
False
Is 220 a factor of 123733023?
False
Is 2366 a factor of 38506627?
False
Is 367936490 a multiple of 5?
True
Is 23 a factor of 13197824?
False
Is 1403 a factor of 19403490?
True
Is 12 a factor of 35827752?
True
Does 294 divide 46023054?
True
Does 3298 divide 4905046142?
True
Is 1997 a factor of 62054575?
False
Does 10 divide 1653853266?
False
Does 15 divide 837113385?
True
Does 693 divide 74079394?
False
Does 1994 divide 1228258138?
True
Does 8 divide 15308252?
False
Is 1472 a factor of 1512020736?
True
Is 599317162 a multiple of 6067?
False
Is 351626350 a multiple of 38?
True
Is 315573475 a multiple of 49?
True
Is 2206591603 a multiple of 279?
False
Does 889 divide 8655304?
True
Does 527 divide 93093496?
True
Is 904 a factor of 5679391446?
False
Is 85347032 a multiple of 96?
False
Is 164 a factor of 2209609720?
True
Does 50 divide 20186450?
True
Is 129 a factor of 75973131?
True
Does 317 divide 112293763?
True
Is 2280817791 a multiple of 2359?
False
Does 959 divide 1703637607?
True
Is 286 a factor of 53912421?
False
Is 8191545 a multiple of 16?
False
Is 93501 even?
False
Is 140 a factor of 99503880?
True
Is 44137070 a multiple of 477?
False
Does 717 divide 43445898?
True
Is 23993775 a multiple of 15?
True
Is 5 a factor of 788994264?
False
Is 978 a factor of 37702878?
True
Does 165 divide 190680930?
True
Is 119636560 a multiple of 4?
True
Does 151 divide 14645037?
True
Is 45 a factor of 3142890?
True
Is 3017646744 a multiple of 68?
True
Is 12 a factor of 62781504?
True
Is 822171 a multiple of 343?
True
Is 405642856 a multiple of 8?
True
Is 133626756 a multiple of 462?
False
Does 15 divide 60686115?
True
Is 59 a factor of 17425355?
True
Does 16 divide 17772352?
True
Does 3 divide 36610641?
True
Is 828 a factor of 101221780?
False
Does 504 divide 296764946?
False
Does 2 divide 68025294?
True
Does 39 divide 2746268694?
True
Is 6 a factor of 5587035?
False
Is 218343194 a multiple of 11?
False
Is 1459 a factor of 406843609?
True
Is 178 a factor of 39580970?
True
Does 3050 divide 276967450?
True
Does 68 divide 51428287?
False
Does 3296 divide 1326627079?
False
Does 68 divide 26547540?
True
Is 99368032 a multiple of 32?
True
Is 16 a factor of 84600773?
False
Does 13 divide 1629703530?
True
Is 19 a factor of 1893996?
True
Does 38 divide 248350234?
False
Is 4312050 a multiple of 4?
False
Is 350 a factor of 30589431?
False
Is 292 a factor of 179911195?
False
Does 45 divide 12889980?
True
Is 21 a factor of 434972643?
True
Does 354 divide 1226930724?
True
Does 60 divide 257707080?
True
Is 22 a factor of 56081561?
False
Is 883237030 a multiple of 2323?
False
Is 15852138 even?
True
Is 1618 a factor of 239158198?
True
Is 181852051 a multiple of 983?
True
Is 1216881999 a multiple of 3933?
True
Is 73 a factor of 407058567?
False
Does 3061 divide 64786065?
True
Does 41 divide 195987667?
True
Is 2160 a factor of 74813760?
True
Is 46477467 a multiple of 132?
False
Does 15 divide 4367069?
False
Is 1108429312 a multiple of 217?
False
Is 2205901 a multiple of 3?
False
Does 635 divide 27074637?
False
Does 694 divide 18571440?
True
Is 1579 a factor of 1901990103?
False
Is 54 a factor of 1622098887?
False
Is 655 a factor of 93288205?
False
Is 60890097 a multiple of 39?
False
Is 632834342 a multiple of 2?
True
Does 313 divide 156174167?
True
Does 904 divide 1557575728?
True
Is 27005611 a multiple of 11?
False
Is 1393 a factor of 478248370?
False
Is 20115977 a multiple of 3?
False
Does 287 divide 31858552?
False
Is 14707976 a multiple of 152?
True
Is 844 a factor of 20949768?
True
Does 350 divide 20093272?
False
Is 836 a factor of 346317423?
False
Is 17 a factor of 54120215?
False
Does 1101 divide 550927188?
True
Does 3585 divide 67987691?
False
Is